 -33*w. Suppose -w*c + 24 = -2*x + 2, 3*x = 2*c - 22. Calculate the highest common factor of 55 and c.
11
Let a = 15 - -1. Suppose a*u - 18*u = 40. Let s be (12/(-15))/(4/u). What is the highest common divisor of s and 4?
4
Let g be 32/(-6)*351/(-36). Let v be 10/6*(107 + 1). Suppose -5*t = 3*c - v, -2*t = 10*c - 7*c - 189. What is the greatest common factor of g and c?
13
Let p(q) = 6*q - 76. Let o be p(16). Suppose -o*t = -6*t - 1568. Calculate the highest common factor of t and 16.
16
Suppose 1176 = -0*d + 2*d + 2*f, -5*d + 2*f + 2975 = 0. Suppose -5*y = -3*r - d, r = 3*r + 2. Let c = y - 74. What is the greatest common divisor of c and 11?
11
Let r(f) = 132*f - 116. Let i be r(6). Let j = -504 + i. Calculate the greatest common factor of j and 43.
43
Let i be 8/72 - (-11)/(297/186). What is the highest common divisor of i and 889?
7
Suppose 5*w + 1075 = -2*r - 3*r, r + 425 = -2*w. Let n = 235 + w. What is the highest common divisor of n and 10?
5
Let t be 612/(-144)*(-202 - 2). Calculate the highest common divisor of 102 and t.
51
Suppose -4*i + 2*k = -32, -32 = -4*i - 0*i + 5*k. Let w = -377 + 118. Let f = 299 + w. What is the highest common divisor of f and i?
8
Let c(r) = -113*r + 7014. Let g be c(62). Suppose 3 = -d - 2, -3*f - 5*d = -683. Calculate the greatest common factor of f and g.
4
Let k = 14 + -18. Let p be k/(((-2)/8)/((-36)/(-24))). Calculate the highest common factor of 24 and p.
24
Let f(i) = 3*i**2 + 6*i + 2. Let q be f(-2). Let o be -41*((-5 + 1)/q - 0). Suppose o + 48 = y. What is the greatest common divisor of y and 13?
13
Suppose 0 = -83*x - x + 10080. What is the highest common divisor of x and 240?
120
Let p = -4062 - -4074. What is the greatest common factor of 117 and p?
3
Suppose -387 = -2*b - i, i = 27 - 26. Suppose 187*w - b*w = -96. Calculate the highest common divisor of w and 24.
8
Let t = -36 + 39. Suppose -2*j + 4*d = 14, -t*j - 3*d = -7*d + 13. Suppose -3*c - 5 = -8*c. Calculate the highest common factor of c and j.
1
Let r(n) = 4*n**2 - 100*n + 800. Let k be r(48). What is the greatest common divisor of 32 and k?
32
Suppose 58528 = 885*g + 7198. Suppose 0 = -0*o - o + 4. What is the greatest common divisor of g and o?
2
Let u(i) = -2451*i + 31. Let b be u(-1). What is the greatest common factor of 34 and b?
34
Let o be (470/15)/(12/648). Calculate the greatest common divisor of o and 987.
141
Suppose -3*h + 5*h + 2*b - 112 = 0, 2*h - 94 = -20*b. Let n = -1 - -1. Let d be n/(-3) + 1 - -18. What is the greatest common divisor of h and d?
19
Let q(p) = -p**2 + 75*p - 1022. Let d be q(42). What is the highest common factor of 52 and d?
52
Let k be 392/10 + (2385/75 - 31). Suppose 5*g = -11 + 51. What is the highest common factor of g and k?
8
Let m be ((-424)/371)/(136/(-7854)). Let n be 2/(-4) - 133/(-2). What is the highest common factor of n and m?
66
Let p(k) = 5*k + 26. Suppose -3*t - 12 = 2*i, 2*t + 8 = -2*i - i. Let z be p(t). Let d be (-5 - -65) + z + -2. What is the highest common factor of d and 8?
8
Let l be ((-567)/(-14))/(9/(-192)*2). Let b = 725 + l. Let z = b + -101. What is the highest common factor of 64 and z?
64
Let f(t) = -778*t - 1312. Let u be f(-123). What is the greatest common factor of 82 and u?
82
Let w be (-444)/(-6) - (-6 + -9 + 5). Calculate the highest common factor of 31836 and w.
84
Let q = -297 + 587. Let w = -9210 - -9268. Calculate the greatest common factor of w and q.
58
Let i(h) = 432*h**2 - 63*h - 127. Let r be i(-2). Calculate the highest common divisor of 11 and r.
11
Let y be (6/(-8))/(30/(-40)). Let v(i) = i**2 + i. Let u be v(y). Suppose 6*g - 248 = -u*g. What is the highest common factor of g and 124?
31
Suppose 0 = j + 5, 699*n - j = 698*n + 294. Calculate the greatest common factor of n and 7.
1
Suppose 7*g + 2*g = -315. Let k = g - -61. Let o be 17/(1105/4560) + (-4)/k. What is the highest common divisor of 28 and o?
14
Let u = -201 - -211. Let h be 4/10 + (-169)/(-65). Let n be u + 10 - h/(-1). Calculate the greatest common factor of 161 and n.
23
Let s(j) = 178*j + 2611. Let g be s(8). Calculate the highest common divisor of g and 15.
15
Suppose -29*m + 86795 + 3105 = 0. What is the greatest common divisor of m and 75?
25
Let b(n) = -5*n**2 - 41*n - 17. Let m be b(-5). What is the greatest common divisor of m and 2583?
63
Let t(i) = -5*i - 2. Let x be t(-1). Suppose n = -g - 2*g + 189, x*n - 575 = -g. Suppose -10*s = -18 - n. Calculate the highest common divisor of s and 3.
3
Suppose 4*t = o - 1020, -23*t + 25*t + 1030 = o. What is the greatest common divisor of 650 and o?
130
Let m(c) = c**2 + 4*c + 14. Let d be m(-11). Let z = 632 - 611. What is the highest common factor of d and z?
7
Let r be 9 + -9 + 2/2. Let h be (r + 0/6)*17. What is the greatest common factor of 102 and h?
17
Suppose -15*p - 504 = -43*p. Suppose -6*d - 3816 = -p*d. Calculate the highest common divisor of 53 and d.
53
Let k be (-27)/(-4)*14416/636. What is the highest common divisor of 52479 and k?
153
Let p(x) = -46*x - 750. Let f be p(-33). Calculate the highest common divisor of f and 6.
6
Suppose -6588 + 10044 = 16*s. Calculate the greatest common factor of 1404 and s.
108
Suppose 2*r + 634 = 5*x, 5 = 5*r - 10. Suppose -23*s = -15*s - x. Calculate the greatest common divisor of 8 and s.
8
Suppose -5*s + 310 + 45 = 0. Suppose -130 = -s*x + 66*x. Let b(f) = f**2 + 5*f + 20. Let a be b(7). What is the greatest common divisor of a and x?
26
Suppose -3*h = 2*d - 1130, 37*h + d - 1126 = 34*h. What is the greatest common divisor of 561 and h?
187
Let a be ((0 + -42)*2)/((-2)/2). Suppose 0 = 5*w - 6*w + a. Suppose -7*u = -11*u + w. What is the highest common factor of 42 and u?
21
Suppose 2*k + 3*s = -11 - 304, -5*s - 795 = 5*k. Let w = k + 801. What is the greatest common divisor of 71 and w?
71
Let g be (3/((-9)/(-161)) + 2)/((-20)/(-60)). What is the greatest common factor of g and 501?
167
Let h = 1085 - 601. Let r = h + -316. What is the greatest common factor of 35 and r?
7
Let o = 293 - 173. Suppose 4640 = 5*n + 3*d - d, n - 928 = d. Let r = 958 - n. What is the highest common factor of r and o?
30
Let p(g) = -g**2 - 23*g + 102. Suppose 3*t = 2*r - 71, 0 = -5*r + 4 - 14. Let m be p(t). Calculate the highest common divisor of m and 4.
4
Let b = -9087 - -9290. What is the greatest common divisor of 145 and b?
29
Suppose -10*o + 5*o + 11325 = 0. Suppose 3*c + 5*s - o = -2*c, 0 = -3*c + s + 1367. What is the highest common factor of 35 and c?
35
Let f = 45264 - 45243. Calculate the highest common divisor of 20307 and f.
21
Suppose 3*q + 10 + 41 = 4*b, -2*b = q - 33. Let f = -9 + b. Suppose 5*d - 20 = -m + f*m, m - 14 = -d. Calculate the highest common factor of d and 6.
3
Suppose 5*k - 26 = -1. Suppose -3*w = 2*i - 6, -2*i = -k*w + w - 6. Suppose 0 = 2*x - 4 - 0, 3*t + 5*x - 16 = w. Calculate the highest common factor of 1 and t.
1
Let u(l) = l**3 - 14*l**2 + l + 1. Let r be u(13). Let q = r + 189. Calculate the highest common factor of 102 and q.
34
Let v(g) = 3*g**2 - 2*g + 265. Let b = 259 - 259. Let i be v(b). Calculate the highest common factor of 53 and i.
53
Let a = 842 - 595. Let k = 261 - a. Calculate the highest common divisor of k and 224.
14
Let m be (-6)/(-7)*-7*2*-1. Suppose -52 = -3*a + 5*y, 2*a + 0*a - y = 23. Suppose -a*z + 480 = -4*z. What is the greatest common factor of m and z?
12
Suppose 2*c - 184 = -5*y + 40, -5*c - 61 = -y. Let k = -32 + y. Suppose -1190 = 2075*w - 2092*w. What is the highest common divisor of w and k?
14
Suppose -8*i - 33 = 1903. Let z = 259 + i. What is the highest common divisor of z and 442?
17
Let s = 23 + -93. Let l = s + 134. Calculate the greatest common factor of 704 and l.
64
Let l = 222 + -380. Let x = l - -233. Let u be (6/(-4))/(2/(-20)). What is the highest common factor of x and u?
15
Let c be 3024/60*(7 + 3). What is the greatest common factor of c and 105?
21
Suppose 4*q + 30 = 2*r, -r = -2*r - q + 6. Let c(s) = 28*s + 171. Let x be c(-6). What is the greatest common factor of r and x?
3
Let a = 23780 + -19789. What is the highest common divisor of 104 and a?
13
Let n = -13452 - -13530. What is the highest common divisor of n and 9906?
78
Suppose 0 = 4*g + 2*d - 28, -2*g + 6*g - d = 16. Suppose 0 = 5*u + g, k - 3*k = -5*u - 